and 20?
4
Suppose -30 = -3*o + 3*g, 2*g + 1 = 3. Suppose -134 - 64 = -o*b. Let v be 6/((-48)/(-36)*6/8). What is the highest common factor of b and v?
6
Let b = -5 + 13. Let p be 6/b + (-34)/(-8). Let m be (46/92)/(2/16) - 2*-38. Calculate the highest common divisor of m and p.
5
Let l(d) = 2*d**2 - 3*d + 25. Suppose -4*g - g + 5*i = 60, 3*g = 2*i - 31. Let h be l(g). Calculate the highest common divisor of h and 216.
72
Suppose -5*y = 15, -19*r + 5*y = -17*r - 351. What is the highest common divisor of r and 105?
21
Suppose -54*z + 57*z - 234 = 0. Let v be -1 - (-209 + 4 + -4). Calculate the greatest common factor of v and z.
26
Suppose 0*o - 16123 = -8*o - 15859. What is the highest common divisor of o and 9042?
33
Let w = -57 + 71. Let f(c) = c**3 - 16*c**2 + 29*c + 1. Let j be f(w). Calculate the greatest common factor of j and 1095.
15
Let r = 42595 - 42196. Suppose 0 = 4*z - 266 - 190. What is the greatest common divisor of z and r?
57
Suppose 68*v = -224*v + 25696. Calculate the greatest common factor of v and 1562.
22
Let b be 4/(-5) + ((-1974)/15)/(-7). Let q = -170 + 224. What is the greatest common factor of b and q?
18
Let k be 14/35 + (-618)/(-5). Calculate the greatest common factor of 496 and k.
124
Let m = 4299 - 4221. What is the highest common factor of m and 24102?
78
Let o be 8060/38 + (-1 - (-391)/437). Let y(i) = -34*i + 5. Let p be y(-4). Let k = p - 88. Calculate the greatest common factor of o and k.
53
Suppose 9 = -18*j - 9. Let n be (32 - 29) + (j - -20). Let l = 35 - 13. What is the highest common factor of l and n?
22
Let u be (3 - 5)/(2/(-4)). Let w be u/6 + (-42)/(-18). Suppose 83 = 3*h - 2*f, -h = -4*h + w*f + 87. Calculate the greatest common divisor of h and 50.
25
Suppose -3660*f + 3665*f - 2*c = 5388, 2*f - 3*c - 2153 = 0. Calculate the highest common divisor of 392 and f.
98
Let p be 4310/25 + 26/(-65). Calculate the greatest common divisor of p and 6.
2
Let m = 13081 - 13089. Let a be (-4)/(-6)*15/2. Let y be (6/m)/(a/(-60)). What is the greatest common divisor of 15 and y?
3
Let u be (-1054)/(-8) - 8/(-32). Let o = 186 - u. What is the highest common divisor of o and 594?
54
Let g(l) = -l**3 + 3*l**2 + 5*l - 9. Let d be g(3). Let j be 1*2/1 - -4. Suppose o - d = j. Calculate the greatest common divisor of 8 and o.
4
Suppose -5*k + 5*n = -372 - 1088, 0 = -4*k + n + 1171. Let r = k + -209. What is the highest common divisor of r and 105?
21
Let l(y) = -14*y - 40. Let o be l(-3). Suppose -7*u - 5*b = -11*u + 119, -26 = -u + o*b. What is the highest common factor of 846 and u?
18
Let v(i) = 43*i - 85. Let s be v(13). Suppose 0 = 4*g - 186 - s. Suppose 5*k + 41 = 206. What is the greatest common divisor of k and g?
33
Suppose 0 = -l + 2*q + 138 - 24, -2*q = 2*l - 216. Suppose 0 = m, 2*u = -0*u - 5*m + 20. Calculate the highest common divisor of u and l.
10
Let y = 372 - 864. Let s = y - -540. What is the highest common factor of 60 and s?
12
Let b = 4028 + -2615. Calculate the highest common factor of b and 9.
9
Suppose 58 = -4*i - 218. Let b be 1 + (-21)/9*i. Let z = 232 - b. Calculate the greatest common factor of z and 20.
10
Suppose 8*v - 23 - 17 = 0. Suppose -p + v = 5*j, -3*p - 1 + 16 = -j. Suppose 0 = 3*x - 3, 7*u = 2*u + p*x + 490. What is the greatest common divisor of 9 and u?
9
Suppose -157*b = -120*b - 12950. Let x(k) = k + 4. Let w be x(0). Let m be 2/w*b/(0 + 5). What is the greatest common factor of 5 and m?
5
Let j = 752 - 167. What is the highest common factor of j and 3315?
195
Let q(f) = 167*f - 26. Let w be q(13). Suppose -60 = 5*v - w. Suppose 3*j - 420 = -p - 2*p, 3*p + 4*j - v = 0. What is the greatest common factor of 13 and p?
13
Let v be 58/(-1363) - (-318102)/141. What is the highest common divisor of v and 2444?
188
Let m = -1289 + 1439. What is the greatest common divisor of m and 225?
75
Suppose 3*d = 2*i + 10, 0 = -4*i + 2*d - 0*d - 28. Let r = 10 - i. Let w be -2 + 54 - (-497)/(-71). What is the greatest common factor of w and r?
9
Suppose 4*k - 14 = -3*k. Suppose -z + 18 = k. Suppose 38*w - 11 = 36*w + b, -w - 2*b = -18. What is the highest common divisor of z and w?
8
Let m be 17928/(-756)*(0 - 7). Calculate the highest common factor of m and 3984.
166
Let b(a) = -13 - 6*a**2 + a**3 - 5*a**2 + 6*a + a. Let g be b(8). Let c = g + 254. What is the greatest common divisor of 21 and c?
21
Suppose 0 = 3*r + 2*i - 26, 4*i + 75 = 3*r + 55. Let j(c) = c**2 + 10*c - 2 - 2*c**2 - 9. Let s be j(r). What is the greatest common divisor of s and 2?
1
Let r = -496 + 337. Let l = r - -263. Calculate the highest common divisor of 52 and l.
52
Suppose -5*g = -s - 216, g = -3*s + 12 + 44. Suppose -4*v + 70 = v. Let o be v/(-35)*(-20)/2. What is the greatest common factor of o and g?
4
Let n be 52 + -54 - (1 - 14). Let r(o) = 12*o**2 + 4*o. Let y be r(-4). Calculate the highest common factor of y and n.
11
Let b be (10/(-60))/(5/(-1740)). Let t be 5*(-3 + 0 + 32). Calculate the highest common divisor of t and b.
29
Suppose a + 11 = 3*i + 145, 441 = 3*a + 4*i. Suppose 4*w + 13 - 65 = 0. Calculate the highest common factor of w and a.
13
Let g be 2/((-2)/15*-5) - -63. Suppose 5*w = 101 - g. What is the greatest common factor of 112 and w?
7
Let s be 7/14*-12 - 4. Let f(w) = 13*w + 154. Let r be f(s). What is the highest common factor of 240 and r?
24
Let c be 27483855/1029 - 4/14. What is the highest common factor of c and 87?
87
Let k(l) be the third derivative of -41*l**4/6 - 3*l**3/2 + 39*l**2. Let m be k(-2). Let d = m + -217. Calculate the highest common factor of d and 6.
6
Let m = 5 + -3. Let q be ((-77)/22 + (m - 0))*-2. Suppose 2*g + 361 - 142 = l, q*g + 1060 = 5*l. What is the highest common divisor of 19 and l?
19
Let f be (2/(-4))/(2/(-12)). Let z be (-25311)/(-118) - 2/(-4). Suppose -z - 160 = -f*i. Calculate the highest common factor of 50 and i.
25
Suppose -2*o + 37 = -4*v + 271, -2*v - 4*o = -132. Calculate the highest common factor of 1420 and v.
20
Let u = -93 - -160. Let q = u + -60. Suppose 0 = -4*a + x - q + 24, 0 = 3*x + 15. What is the greatest common factor of a and 27?
3
Let n(o) = 11 + 2*o**2 + 4 - 1 - 13*o + 5*o**2 - 9*o**2. Let d(u) = -2*u + 13. Let f be d(10). Let k be n(f). What is the greatest common divisor of 112 and k?
7
Let l be (-6200)/((-50)/5) + (-44)/(-11). Calculate the greatest common divisor of 1482 and l.
78
Let m(u) = u**3 + 22*u**2 - 2*u - 44. Let t be m(-22). Suppose t = 4*w + 8*w - 48. Calculate the greatest common divisor of 1 and w.
1
Suppose -3*h + 22 = -4*l, 7*l - 6*l = 5*h - 14. Suppose -3*i - 230 = -4*m, 3*i - 2*i + 116 = h*m. What is the highest common divisor of m and 59?
59
Suppose -547 = i - 5*p - 1748, 0 = -2*i + 5*p + 2407. Let b be ((15 - 3) + -6)*3. Calculate the highest common divisor of i and b.
18
Suppose -10*l - 37 = -7. Let i be 40 - ((-2)/l + (-3)/(-9)). Suppose -22 = -v - g - 4, -8 = -v + g. What is the highest common factor of i and v?
13
Let g = -8 - -6. Let w be (g - -2) + 0 + 1. Let h be 112/(-400)*-40 + 2/(-10). Calculate the highest common factor of w and h.
1
Suppose -10*w - 3 = -6*w + 3*g, -g = 1. Suppose -t - 4 = w, 0 = -o + 4*o - 5*t - 74. Calculate the highest common factor of 42 and o.
6
Suppose g - 7 = -2. Let h be 6 - (0 + g + -3). Let n be -30*(-15)/(495/22). Calculate the greatest common divisor of n and h.
4
Let h(r) = -r**2 + 23*r + 145. Let a be h(23). What is the greatest common divisor of a and 10?
5
Suppose -52*v + 33440 = 49*v - 97*v. What is the highest common divisor of v and 176?
88
Let n(v) = 119*v**2 - 11*v + 43. Let l be n(8). Calculate the greatest common factor of l and 67.
67
Let l(y) = y**3 - 13*y**2 + 12*y - 6. Let q be l(13). Let f be (2/(-3))/(-5*5/q). What is the highest common factor of f and 124?
4
Suppose -281 = -s + 10*h - 13*h, -s + 4*h + 246 = 0. Suppose 15*j - 1751 = -s. Calculate the greatest common factor of 264 and j.
33
Suppose 0 = -93*b + 60*b + 43032. Calculate the greatest common factor of b and 24.
8
Suppose 3*z - 5*c - 221 = 0, 0 = -4*z + 2*c - 7*c + 283. Suppose 6*k + 6 = z. What is the greatest common factor of 11 and k?
11
Let w = 3133 + -3091. Calculate the highest common factor of 5019 and w.
21
Let i be (-1)/(1 + (-43)/42). Suppose -4*u = 4*k - 0*k - 872, -4*k + 3*u = 